{"id":9155,"date":"2019-12-22T16:42:13","date_gmt":"2019-12-22T15:42:13","guid":{"rendered":"http:\/\/www.ditziput.de\/spielstadt16\/?page_id=9155"},"modified":"2026-04-12T15:09:23","modified_gmt":"2026-04-12T13:09:23","slug":"teilnahme-als-betreuer","status":"publish","type":"page","link":"http:\/\/www.ditziput.de\/?page_id=9155","title":{"rendered":"Teilnahme als Betreuer"},"content":{"rendered":"<p>[et_pb_section fb_built=&#8220;1&#8243; admin_label=&#8220;section&#8220; _builder_version=&#8220;4.27.4&#8243; global_colors_info=&#8220;{}&#8220;][et_pb_row admin_label=&#8220;row&#8220; _builder_version=&#8220;4.26.1&#8243; background_size=&#8220;initial&#8220; background_position=&#8220;top_left&#8220; background_repeat=&#8220;repeat&#8220; global_colors_info=&#8220;{}&#8220;][et_pb_column type=&#8220;4_4&#8243; _builder_version=&#8220;4.16&#8243; custom_padding=&#8220;|||&#8220; global_colors_info=&#8220;{}&#8220; custom_padding__hover=&#8220;|||&#8220;][et_pb_heading title=&#8220;Die Betreuersuche f\u00fcr Ditziput 2026 ist abgeschlossen!&#8220; _builder_version=&#8220;4.27.6&#8243; _module_preset=&#8220;default&#8220; theme_builder_area=&#8220;post_content&#8220; hover_enabled=&#8220;0&#8243; sticky_enabled=&#8220;0&#8243; title_text_color=&#8220;#0C71C3&#8243;][\/et_pb_heading][et_pb_text _builder_version=&#8220;4.27.6&#8243; _module_preset=&#8220;default&#8220; hover_enabled=&#8220;0&#8243; sticky_enabled=&#8220;0&#8243;]<\/p>\n<p>Vielen Dank f\u00fcr die zahlreichen Anmeldungen!\u00a0<br \/>Wir freuen uns auf eine erlebnissreiche Kinderspielstadt mit euch. Bis dahin findet ihr hier den aktuellen Betreuerleitfaden und weitere Infos.<\/p>\n<p>[\/et_pb_text][et_pb_text _builder_version=&#8220;4.27.4&#8243; _module_preset=&#8220;default&#8220; header_text_color=&#8220;#000000&#8243; header_font_size=&#8220;35px&#8220; custom_margin=&#8220;||-3%||false|false&#8220; animation_style=&#8220;fade&#8220; global_colors_info=&#8220;{}&#8220;][\/et_pb_text][\/et_pb_column][\/et_pb_row][et_pb_row column_structure=&#8220;1_3,1_3,1_3&#8243; _builder_version=&#8220;4.26.1&#8243; _module_preset=&#8220;default&#8220; global_colors_info=&#8220;{}&#8220;][et_pb_column type=&#8220;1_3&#8243; _builder_version=&#8220;4.26.1&#8243; _module_preset=&#8220;default&#8220; global_colors_info=&#8220;{}&#8220;][et_pb_button button_url=&#8220;https:\/\/www.ditziput.de\/wp-content\/uploads\/2026\/03\/2026_Spickzettel_Kinderspielstadt.pdf&#8220; button_text=&#8220;Leitfaden&#8220; button_alignment=&#8220;center&#8220; _builder_version=&#8220;4.27.6&#8243; _module_preset=&#8220;default&#8220; custom_button=&#8220;on&#8220; button_text_color=&#8220;#000000&#8243; button_bg_color=&#8220;gcid-secondary-color&#8220; button_border_width=&#8220;0px&#8220; button_border_color=&#8220;gcid-primary-color&#8220; button_border_radius=&#8220;8px&#8220; button_font=&#8220;||||||||&#8220; animation_style=&#8220;fade&#8220; animation_direction=&#8220;bottom&#8220; animation_delay=&#8220;800ms&#8220; box_shadow_style=&#8220;preset1&#8243; global_colors_info=&#8220;{%22gcid-primary-color%22:%91%22button_bg_color__hover%22,%22button_border_color%22%93,%22gcid-secondary-color%22:%91%22button_bg_color%22%93,%22gcid-54eed0ac-397f-4257-a193-b2f7a053c09c%22:%91%22button_bg_color%22,%22button_bg_color%22%93,%22gcid-520d062c-15cb-47cf-ae47-727e25c977ca%22:%91%22button_bg_color%22,%22button_bg_color%22,%22button_bg_color%22,%22button_bg_color%22%93}&#8220; button_border_color__hover=&#8220;#000000&#8243; button_border_color__hover_enabled=&#8220;on|desktop&#8220; button_bg_color__hover=&#8220;#318ce7&#8243; button_bg_color__hover_enabled=&#8220;on|desktop&#8220;][\/et_pb_button][\/et_pb_column][et_pb_column type=&#8220;1_3&#8243; _builder_version=&#8220;4.26.1&#8243; _module_preset=&#8220;default&#8220; global_colors_info=&#8220;{}&#8220;][et_pb_button button_url=&#8220;https:\/\/www.ditziput.de\/wp-content\/uploads\/2020\/03\/Ditziput-ist-international-f\u00fcr-Webseite.pdf&#8220; button_text=&#8220;Ditziput ist international!&#8220; button_alignment=&#8220;center&#8220; _builder_version=&#8220;4.27.0&#8243; _module_preset=&#8220;default&#8220; custom_button=&#8220;on&#8220; button_text_color=&#8220;#000000&#8243; button_bg_color=&#8220;gcid-secondary-color&#8220; button_border_width=&#8220;0px&#8220; button_border_color=&#8220;gcid-primary-color&#8220; button_border_radius=&#8220;8px&#8220; button_font=&#8220;||||||||&#8220; animation_style=&#8220;fade&#8220; animation_direction=&#8220;bottom&#8220; animation_delay=&#8220;800ms&#8220; box_shadow_style=&#8220;preset1&#8243; global_colors_info=&#8220;{%22gcid-primary-color%22:%91%22button_bg_color__hover%22,%22button_border_color%22%93,%22gcid-secondary-color%22:%91%22button_bg_color%22%93,%22gcid-54eed0ac-397f-4257-a193-b2f7a053c09c%22:%91%22button_bg_color%22,%22button_bg_color%22%93,%22gcid-520d062c-15cb-47cf-ae47-727e25c977ca%22:%91%22button_bg_color%22,%22button_bg_color%22%93}&#8220; button_border_color__hover=&#8220;#000000&#8243; button_border_color__hover_enabled=&#8220;on|desktop&#8220; button_bg_color__hover=&#8220;#318ce7&#8243; button_bg_color__hover_enabled=&#8220;on|desktop&#8220;][\/et_pb_button][\/et_pb_column][et_pb_column type=&#8220;1_3&#8243; _builder_version=&#8220;4.26.1&#8243; _module_preset=&#8220;default&#8220; global_colors_info=&#8220;{}&#8220;][et_pb_button button_url=&#8220;https:\/\/gyula.hetedhetvaros.hu&#8220; button_text=&#8220;Hetedh\u00e9t V\u00e1ros&#8220; button_alignment=&#8220;center&#8220; _builder_version=&#8220;4.27.0&#8243; _module_preset=&#8220;default&#8220; custom_button=&#8220;on&#8220; button_text_color=&#8220;#000000&#8243; button_bg_color=&#8220;gcid-secondary-color&#8220; button_border_width=&#8220;0px&#8220; button_border_color=&#8220;gcid-primary-color&#8220; button_border_radius=&#8220;8px&#8220; button_font=&#8220;||||||||&#8220; animation_style=&#8220;fade&#8220; animation_direction=&#8220;bottom&#8220; animation_delay=&#8220;800ms&#8220; box_shadow_style=&#8220;preset1&#8243; global_colors_info=&#8220;{%22gcid-primary-color%22:%91%22button_bg_color__hover%22,%22button_border_color%22%93,%22gcid-secondary-color%22:%91%22button_bg_color%22%93,%22gcid-54eed0ac-397f-4257-a193-b2f7a053c09c%22:%91%22button_bg_color%22,%22button_bg_color%22%93,%22gcid-520d062c-15cb-47cf-ae47-727e25c977ca%22:%91%22button_bg_color%22,%22button_bg_color%22,%22button_bg_color%22,%22button_bg_color%22,%22button_bg_color%22%93}&#8220; button_border_color__hover=&#8220;#000000&#8243; button_border_color__hover_enabled=&#8220;on|desktop&#8220; button_bg_color__hover=&#8220;#318ce7&#8243; button_bg_color__hover_enabled=&#8220;on|desktop&#8220;][\/et_pb_button][et_pb_text _builder_version=&#8220;4.27.0&#8243; _module_preset=&#8220;default&#8220; text_text_color=&#8220;#000000&#8243; text_font_size=&#8220;13px&#8220; transform_translate=&#8220;33px|-25px&#8220; custom_margin=&#8220;|-20px||-20px|false|true&#8220; animation_style=&#8220;fade&#8220; animation_delay=&#8220;1350ms&#8220; animation_delay_last_edited=&#8220;off|desktop&#8220; global_colors_info=&#8220;{}&#8220;]<\/p>\n<p>Unsere Partner-Kinderspielstadt in Gyula, Ungarn<\/p>\n<p>[\/et_pb_text][\/et_pb_column][\/et_pb_row][\/et_pb_section][et_pb_section fb_built=&#8220;1&#8243; theme_builder_area=&#8220;post_content&#8220; _builder_version=&#8220;4.27.6&#8243; _module_preset=&#8220;default&#8220;][et_pb_row _builder_version=&#8220;4.27.6&#8243; _module_preset=&#8220;default&#8220; theme_builder_area=&#8220;post_content&#8220;][et_pb_column _builder_version=&#8220;4.27.6&#8243; _module_preset=&#8220;default&#8220; type=&#8220;4_4&#8243; theme_builder_area=&#8220;post_content&#8220;][et_pb_text disabled_on=&#8220;on|on|off&#8220; _builder_version=&#8220;4.27.6&#8243; _module_preset=&#8220;default&#8220; text_text_color=&#8220;#FFFFFF&#8220; text_font_size=&#8220;24px&#8220; text_line_height=&#8220;1.8em&#8220; ul_line_height=&#8220;1.3em&#8220; header_font=&#8220;||||||||&#8220; header_text_color=&#8220;#000000&#8243; header_2_font=&#8220;||||||||&#8220; header_2_text_align=&#8220;left&#8220; header_2_text_color=&#8220;#000000&#8243; custom_margin=&#8220;-1px||||false|false&#8220; animation_style=&#8220;fade&#8220; animation_delay=&#8220;150ms&#8220; hover_enabled=&#8220;0&#8243; global_colors_info=&#8220;{}&#8220; theme_builder_area=&#8220;post_content&#8220; sticky_enabled=&#8220;0&#8243;]<\/p>\n<blockquote><\/blockquote>\n<p>Im <strong>Leitfaden f\u00fcr Betreuer*innen<\/strong><span style=\"color: #000000;\"><\/span> werden die folgenden Themen beschrieben:<\/p>\n<ul>\n<li>Allgemeines &#8211; was ist eine Kinderspielstadt?<\/li>\n<li>Betreuer*in sein &#8211; was hei\u00dft das?<\/li>\n<li>Betreuer*in sein &#8211; p\u00e4dagogische Grunds\u00e4tze<\/li>\n<li>Organisation: Vorbereitung, Arbeitsbereich &amp; Spielablauf\n<ul>\n<li>Vorbereitung ist wichtig! &#8211; Was kommt auf mich zu?<\/li>\n<li><span class=\"fontstyle0\">Arbeitsbereich \u2013 Die Spielstadt steht, was sind meine Aufgaben?<\/span><\/li>\n<li><span class=\"fontstyle0\">Spielablauf: Der Tagesablauf an einem ganz normalen Spielstadttag<\/span><\/li>\n<li><span class=\"fontstyle0\">\u00dcberblick: Fast jeder Tag ist anders<\/span><\/li>\n<li><span class=\"fontstyle0\">Ehrenamt \u2013 Was sonst noch wichtig ist\u2026<br \/><\/span><\/li>\n<li>Busfahrt und Dienste<span class=\"fontstyle0\"><\/span><\/li>\n<\/ul>\n<\/li>\n<\/ul>\n<p>[\/et_pb_text][\/et_pb_column][\/et_pb_row][\/et_pb_section]<\/p>\n","protected":false},"excerpt":{"rendered":"<p>Vielen Dank f\u00fcr die zahlreichen Anmeldungen!\u00a0Wir freuen uns auf eine erlebnissreiche Kinderspielstadt mit euch. Bis dahin findet ihr hier den aktuellen Betreuerleitfaden und weitere Infos.Unsere Partner-Kinderspielstadt in Gyula, Ungarn Im Leitfaden f\u00fcr Betreuer*innen werden die folgenden Themen beschrieben: Allgemeines &#8211; was ist eine Kinderspielstadt? Betreuer*in sein &#8211; was hei\u00dft das? Betreuer*in sein &#8211; p\u00e4dagogische Grunds\u00e4tze [&hellip;]<\/p>\n","protected":false},"author":4,"featured_media":0,"parent":0,"menu_order":0,"comment_status":"closed","ping_status":"closed","template":"","meta":{"_et_pb_use_builder":"on","_et_pb_old_content":"Auf dieser Seite werden im Fr\u00fchjahr Informationen f\u00fcr Betreuer*innen und Menschen die sich f\u00fcr die Mitarbeit als Betreuer*in interessieren ver\u00f6ffentlicht.\n\nIm<a href=\"http:\/\/www.ditziput.de\/wp-content\/uploads\/2020\/03\/Betreuerleitfaden_Ditziput-f\u00fcr-Webseite.pdf\">&nbsp;\u201eLeitfaden f\u00fcr Betreuer*innen\u201c<\/a>&nbsp; werden die folgenden Themen beschrieben:\n<ul>\n \t<li><span class=\"fontstyle0\" style=\"font-family: arial, helvetica, sans-serif;\">Allgemeines \u2013 was ist eine Kinderspielstadt?<\/span><\/li>\n \t<li><span class=\"fontstyle0\" style=\"font-family: arial, helvetica, sans-serif;\">Betreuer*in sein \u2013 was hei\u00dft das?<\/span><\/li>\n \t<li><span class=\"fontstyle0\" style=\"font-family: arial, helvetica, sans-serif;\">Betreuer*in sein \u2013 p\u00e4dagogische Grunds\u00e4tze<\/span><\/li>\n \t<li><span class=\"fontstyle0\" style=\"font-family: arial, helvetica, sans-serif;\">Organisation: Vorbereitung, Arbeitsbereiche &amp; Spielablauf<\/span>\n<ul>\n \t<li><span class=\"fontstyle0\" style=\"font-family: arial, helvetica, sans-serif;\">Vorbereitung ist wichtig! \u2013 Was kommt wann auf mich zu?<\/span><\/li>\n \t<li><span class=\"fontstyle0\" style=\"font-family: arial, helvetica, sans-serif;\">Arbeitsbereich \u2013 Die Spielstadt steht, was sind meine Aufgaben?<\/span><\/li>\n \t<li><span class=\"fontstyle0\" style=\"font-family: arial, helvetica, sans-serif;\">Spielablauf: Der Tagesablauf an einem ganz normalen Spielstadttag<\/span><\/li>\n \t<li><span class=\"fontstyle0\" style=\"font-family: arial, helvetica, sans-serif;\">\u00dcberblick: Fast jeder Tag ist anders<\/span><\/li>\n \t<li><span class=\"fontstyle0\" style=\"font-family: arial, helvetica, sans-serif;\">Ehrenamt \u2013 Was sonst noch wichtig ist\u2026<\/span><\/li>\n \t<li><span class=\"fontstyle0\" style=\"font-family: arial, helvetica, sans-serif;\"><span class=\"fontstyle0\">Busfahrt und Dienste<\/span><\/span><\/li>\n<\/ul>\n<\/li>\n<\/ul>\n&nbsp;\n\nEine Beschreibung der Internationalen Zusammenarbeit mit der Kinderspielstadt <a href=\"http:\/\/gyula.hetedhetvaros.hu\/\" data-wplink-edit=\"true\">Hetedh\u00e9t V\u00e1ros<\/a><span class=\"fontstyle0\"> unserer Partnerstadt Gyula in Ungarn<\/span>, findest Du in folgender Datei <a href=\"http:\/\/www.ditziput.de\/wp-content\/uploads\/2020\/03\/Ditziput-ist-international-f\u00fcr-Webseite.pdf\">Ditziput ist international<\/a> .<span class=\"fontstyle0\">\n<\/span>","_et_gb_content_width":"","ngg_post_thumbnail":0,"footnotes":""},"class_list":["post-9155","page","type-page","status-publish","hentry"],"_links":{"self":[{"href":"http:\/\/www.ditziput.de\/index.php?rest_route=\/wp\/v2\/pages\/9155","targetHints":{"allow":["GET"]}}],"collection":[{"href":"http:\/\/www.ditziput.de\/index.php?rest_route=\/wp\/v2\/pages"}],"about":[{"href":"http:\/\/www.ditziput.de\/index.php?rest_route=\/wp\/v2\/types\/page"}],"author":[{"embeddable":true,"href":"http:\/\/www.ditziput.de\/index.php?rest_route=\/wp\/v2\/users\/4"}],"replies":[{"embeddable":true,"href":"http:\/\/www.ditziput.de\/index.php?rest_route=%2Fwp%2Fv2%2Fcomments&post=9155"}],"version-history":[{"count":38,"href":"http:\/\/www.ditziput.de\/index.php?rest_route=\/wp\/v2\/pages\/9155\/revisions"}],"predecessor-version":[{"id":12557,"href":"http:\/\/www.ditziput.de\/index.php?rest_route=\/wp\/v2\/pages\/9155\/revisions\/12557"}],"wp:attachment":[{"href":"http:\/\/www.ditziput.de\/index.php?rest_route=%2Fwp%2Fv2%2Fmedia&parent=9155"}],"curies":[{"name":"wp","href":"https:\/\/api.w.org\/{rel}","templated":true}]}}