{"id":9656,"date":"2022-08-08T11:57:06","date_gmt":"2022-08-08T09:57:06","guid":{"rendered":"http:\/\/www.ditziput.de\/?page_id=9656"},"modified":"2026-01-30T23:06:38","modified_gmt":"2026-01-30T22:06:38","slug":"das-team","status":"publish","type":"page","link":"https:\/\/www.ditziput.de\/?page_id=9656","title":{"rendered":"Das Team"},"content":{"rendered":"[et_pb_section fb_built=&#8220;1&#8243; admin_label=&#8220;section&#8220; _builder_version=&#8220;4.27.4&#8243; global_colors_info=&#8220;{}&#8220;][et_pb_row _builder_version=&#8220;4.26.1&#8243; _module_preset=&#8220;default&#8220; global_colors_info=&#8220;{}&#8220;][et_pb_column type=&#8220;4_4&#8243; _builder_version=&#8220;4.26.1&#8243; _module_preset=&#8220;default&#8220; global_colors_info=&#8220;{}&#8220;][et_pb_text _builder_version=&#8220;4.26.1&#8243; _module_preset=&#8220;default&#8220; header_text_color=&#8220;#000000&#8243; custom_margin=&#8220;||2px|||&#8220; animation_style=&#8220;zoom&#8220; animation_direction=&#8220;left&#8220; global_colors_info=&#8220;{}&#8220;]<h1><strong>Das Team<\/strong><\/h1>[\/et_pb_text][et_pb_text _builder_version=&#8220;4.26.1&#8243; _module_preset=&#8220;default&#8220; text_text_color=&#8220;#000000&#8243; text_font_size=&#8220;27px&#8220; text_line_height=&#8220;1.8em&#8220; header_text_color=&#8220;#000000&#8243; animation_style=&#8220;fade&#8220; animation_delay=&#8220;500ms&#8220; global_colors_info=&#8220;{}&#8220;]<p>Unser Ditziput Team besteht aus dem Leitungsteam, ehrenamtlichen Betreuer*innen und Betreuer*innen aus unserer Partnerstadt in Ungarn. Au\u00dferdem begleitet uns jedes Jahr FEDIA aus Ditzingen.<\/p>\n<p><\/p>[\/et_pb_text][\/et_pb_column][\/et_pb_row][et_pb_row column_structure=&#8220;1_3,1_3,1_3&#8243; _builder_version=&#8220;4.26.1&#8243; _module_preset=&#8220;default&#8220; global_colors_info=&#8220;{}&#8220;][et_pb_column type=&#8220;1_3&#8243; _builder_version=&#8220;4.26.1&#8243; _module_preset=&#8220;default&#8220; global_colors_info=&#8220;{}&#8220;][et_pb_button button_url=&#8220;https:\/\/www.ditziput.de\/?page_id=9321&#8243; button_text=&#8220;Leitungsteam&#8220; button_alignment=&#8220;center&#8220; _builder_version=&#8220;4.26.1&#8243; _module_preset=&#8220;default&#8220; custom_button=&#8220;on&#8220; button_text_color=&#8220;#000000&#8243; button_bg_color=&#8220;gcid-secondary-color&#8220; button_border_width=&#8220;0px&#8220; button_border_color=&#8220;gcid-primary-color&#8220; button_border_radius=&#8220;8px&#8220; button_font=&#8220;||||||||&#8220; animation_style=&#8220;fade&#8220; animation_direction=&#8220;bottom&#8220; animation_delay=&#8220;800ms&#8220; box_shadow_style=&#8220;preset1&#8243; global_colors_info=&#8220;{%22gcid-primary-color%22:%91%22button_bg_color__hover%22,%22button_border_color%22%93,%22gcid-secondary-color%22:%91%22button_bg_color%22%93,%22gcid-54eed0ac-397f-4257-a193-b2f7a053c09c%22:%91%22button_bg_color%22,%22button_bg_color%22%93,%22gcid-520d062c-15cb-47cf-ae47-727e25c977ca%22:%91%22button_bg_color%22,%22button_bg_color%22,%22button_bg_color%22%93}&#8220; button_border_color__hover=&#8220;#000000&#8243; button_border_color__hover_enabled=&#8220;on|desktop&#8220; button_bg_color__hover=&#8220;#318ce7&#8243; button_bg_color__hover_enabled=&#8220;on|desktop&#8220;][\/et_pb_button][\/et_pb_column][et_pb_column type=&#8220;1_3&#8243; _builder_version=&#8220;4.26.1&#8243; _module_preset=&#8220;default&#8220; global_colors_info=&#8220;{}&#8220;][et_pb_button button_url=&#8220;https:\/\/www.ditziput.de\/?page_id=2867&#8243; button_text=&#8220;FEDIA&#8220; button_alignment=&#8220;center&#8220; _builder_version=&#8220;4.27.5&#8243; _module_preset=&#8220;default&#8220; custom_button=&#8220;on&#8220; button_text_color=&#8220;#000000&#8243; button_bg_color=&#8220;gcid-secondary-color&#8220; button_border_width=&#8220;0px&#8220; button_border_color=&#8220;gcid-primary-color&#8220; button_border_radius=&#8220;8px&#8220; button_font=&#8220;||||||||&#8220; animation_style=&#8220;fade&#8220; animation_direction=&#8220;bottom&#8220; animation_delay=&#8220;800ms&#8220; hover_enabled=&#8220;0&#8243; box_shadow_style=&#8220;preset1&#8243; global_colors_info=&#8220;{%22gcid-primary-color%22:%91%22button_bg_color__hover%22,%22button_border_color%22%93,%22gcid-secondary-color%22:%91%22button_bg_color%22%93,%22gcid-54eed0ac-397f-4257-a193-b2f7a053c09c%22:%91%22button_bg_color%22,%22button_bg_color%22%93,%22gcid-520d062c-15cb-47cf-ae47-727e25c977ca%22:%91%22button_bg_color%22,%22button_bg_color%22,%22button_bg_color%22%93}&#8220; button_border_color__hover=&#8220;#000000&#8243; button_border_color__hover_enabled=&#8220;on|desktop&#8220; button_bg_color__hover=&#8220;#318ce7&#8243; button_bg_color__hover_enabled=&#8220;on|desktop&#8220; sticky_enabled=&#8220;0&#8243;][\/et_pb_button][\/et_pb_column][et_pb_column type=&#8220;1_3&#8243; _builder_version=&#8220;4.26.1&#8243; _module_preset=&#8220;default&#8220; global_colors_info=&#8220;{}&#8220;][et_pb_button button_url=&#8220;https:\/\/www.ditziput.de\/?page_id=9561&#8243; button_text=&#8220;Besuch aus Ungarn&#8220; button_alignment=&#8220;center&#8220; _builder_version=&#8220;4.26.1&#8243; _module_preset=&#8220;default&#8220; custom_button=&#8220;on&#8220; button_text_color=&#8220;#000000&#8243; button_bg_color=&#8220;gcid-secondary-color&#8220; button_border_width=&#8220;0px&#8220; button_border_color=&#8220;gcid-primary-color&#8220; button_border_radius=&#8220;8px&#8220; button_font=&#8220;||||||||&#8220; animation_style=&#8220;fade&#8220; animation_direction=&#8220;bottom&#8220; animation_delay=&#8220;800ms&#8220; box_shadow_style=&#8220;preset1&#8243; global_colors_info=&#8220;{%22gcid-primary-color%22:%91%22button_bg_color__hover%22,%22button_border_color%22%93,%22gcid-secondary-color%22:%91%22button_bg_color%22%93,%22gcid-54eed0ac-397f-4257-a193-b2f7a053c09c%22:%91%22button_bg_color%22,%22button_bg_color%22%93,%22gcid-520d062c-15cb-47cf-ae47-727e25c977ca%22:%91%22button_bg_color%22,%22button_bg_color%22,%22button_bg_color%22%93}&#8220; button_border_color__hover=&#8220;#000000&#8243; button_border_color__hover_enabled=&#8220;on|desktop&#8220; button_bg_color__hover=&#8220;#318ce7&#8243; button_bg_color__hover_enabled=&#8220;on|desktop&#8220;][\/et_pb_button][\/et_pb_column][\/et_pb_row][\/et_pb_section]<!-- \/wp:post-content -->","protected":false},"excerpt":{"rendered":"<p>Das TeamUnser Ditziput Team besteht aus dem Leitungsteam, ehrenamtlichen Betreuer*innen und Betreuer*innen aus unserer Partnerstadt in Ungarn. Au\u00dferdem begleitet uns jedes Jahr FEDIA aus Ditzingen.<\/p>\n","protected":false},"author":1,"featured_media":0,"parent":0,"menu_order":0,"comment_status":"closed","ping_status":"closed","template":"","meta":{"_et_pb_use_builder":"on","_et_pb_old_content":"<!-- wp:paragraph -->\n<p>Unser Ditziput Team besteht aus dem Leitungsteam, ehrenamtlichen Betreuer*innen und Betreuer*innen aus unserer Partnerstadt in Ungarn. Au\u00dferdem begleitet uns jedes Jahr der Familienentlastende Dienst (FED) aus Ditzingen.<\/p>\n<!-- \/wp:paragraph -->\n\n<!-- wp:paragraph -->\n<p>\u00dcber die Men\u00fcleiste kannst Du mehr \u00fcber das Leitungsteam,  <br>den FED und die Betreuer*innen aus Ungarn erfahren.<\/p>\n<!-- \/wp:paragraph -->","_et_gb_content_width":"","ngg_post_thumbnail":0,"footnotes":""},"class_list":["post-9656","page","type-page","status-publish","hentry"],"_links":{"self":[{"href":"https:\/\/www.ditziput.de\/index.php?rest_route=\/wp\/v2\/pages\/9656","targetHints":{"allow":["GET"]}}],"collection":[{"href":"https:\/\/www.ditziput.de\/index.php?rest_route=\/wp\/v2\/pages"}],"about":[{"href":"https:\/\/www.ditziput.de\/index.php?rest_route=\/wp\/v2\/types\/page"}],"author":[{"embeddable":true,"href":"https:\/\/www.ditziput.de\/index.php?rest_route=\/wp\/v2\/users\/1"}],"replies":[{"embeddable":true,"href":"https:\/\/www.ditziput.de\/index.php?rest_route=%2Fwp%2Fv2%2Fcomments&post=9656"}],"version-history":[{"count":11,"href":"https:\/\/www.ditziput.de\/index.php?rest_route=\/wp\/v2\/pages\/9656\/revisions"}],"predecessor-version":[{"id":12454,"href":"https:\/\/www.ditziput.de\/index.php?rest_route=\/wp\/v2\/pages\/9656\/revisions\/12454"}],"wp:attachment":[{"href":"https:\/\/www.ditziput.de\/index.php?rest_route=%2Fwp%2Fv2%2Fmedia&parent=9656"}],"curies":[{"name":"wp","href":"https:\/\/api.w.org\/{rel}","templated":true}]}}